0 is divided by b(2)?
14
Let x(k) = 2*k + 3. Let b be x(-6). Let i = 23 + b. Calculate the remainder when i is divided by 8.
6
Suppose 0*d = 2*j + 5*d - 64, -2*j = 4*d - 60. Calculate the remainder when j is divided by 12.
10
Suppose -2*s + 5*p - 4*p = -32, 5*p - 20 = -2*s. Calculate the remainder when 29 is divided by s.
14
Let m = 27 - 19. Suppose 4*n + 34 = 3*x - 35, -4*x + 92 = -4*n. Calculate the remainder when x is divided by m.
7
Let b(x) = x**3 + 8*x**2 + 3*x. What is the remainder when 83 is divided by b(-7)?
27
Suppose -30 = -3*c + 2*c - 2*w, -2*c = 2*w - 52. Let o(u) = -u**2 - u + 8. What is the remainder when c is divided by o(0)?
6
Suppose 0 = 5*c - 4*c - 3*r - 70, -5*c + 314 = -3*r. Let q = 104 - c. Let d = 41 - 19. Calculate the remainder when q is divided by d.
21
What is the remainder when (16 - 0) + -3 + 0 is divided by 4?
1
Let i(d) = 5*d**2 + 1. Suppose -l = 3*l - 12. Suppose 5*y = 25, 0 = -l*g + 2*y - 0*y - 13. What is the remainder when i(g) is divided by 4?
2
Suppose -43*f + 28 = -39*f. Let p = -2 + 4. What is the remainder when (6/9)/(p/39) is divided by f?
6
Let s = -1 + 3. Suppose 2*u - 25 = -3*u - 4*p, -u + 5*p + 5 = 0. Calculate the remainder when u is divided by s.
1
Let i(q) = 17*q**2 + 2*q - 6. What is the remainder when i(-3) is divided by 24?
21
Suppose -3*z = -z - 44. What is the remainder when z is divided by 13?
9
Let y(u) = -31*u - 13. What is the remainder when y(-4) is divided by 28?
27
Suppose 3*t = 5*t - 6. Suppose 85 = 2*o + t*o. What is the remainder when 32 is divided by o?
15
Suppose -3*s + 2*p - 4*p = 61, -s = -p + 12. Let o = 21 + s. What is the remainder when ((-7)/(-3))/(1/3) is divided by o?
3
Let k(v) be the third derivative of -23*v**4/24 + v**3/3 - v**2. Calculate the remainder when k(-3) is divided by 18.
17
Let r(h) = -h**2 - 60. Let j be r(0). Calculate the remainder when (-379)/(-6) - (-10)/j is divided by 4/(-10) + (-82)/(-5).
15
Let b(z) = -20*z**3 + 2*z + 3. Calculate the remainder when b(-1) is divided by 14.
7
Suppose 5*d = 2*z + 75, -d - 2*z - z = -32. Calculate the remainder when 61 is divided by d.
10
Suppose -28 = m - 4*m + 2*z, 0 = -2*m - 4*z + 8. What is the remainder when 2/(-1) + (-125)/(-5) is divided by m?
7
Suppose 2*j - 3*q = 4*j - 21, -17 = -j + 5*q. Calculate the remainder when 44 is divided by j.
8
Suppose -2*x + 10 = -8. Suppose 13*m = x*m + 12. Calculate the remainder when (1/2)/(1/8) is divided by m.
1
Suppose -2*y + 39 = y. Let v be (-5)/(-2)*8*9. Suppose -7*w + 2*w + v = 0. What is the remainder when w is divided by y?
10
Let x be (1 - 7)*(-7 + 8). Let l(f) = f**3 + 7*f**2 + 5*f - 5. Calculate the remainder when 0 - (-1)/(2/2) is divided by l(x).
0
Suppose -35 = -4*t + 1. Let b(s) = 4*s**2 - s + 1. What is the remainder when b(2) is divided by t?
6
Suppose 4*k + 78 = 7*k. Suppose -5*f = 0, 0 = 2*q - f - 3*f + 454. What is the remainder when (-3)/(-9) + q/(-3) is divided by k?
24
Suppose 0 = -r - 2*r + 57. What is the remainder when r is divided by 11?
8
Let r(k) = 3*k - 25. Calculate the remainder when 44 is divided by r(11).
4
Let f(q) = -3*q - 9. Calculate the remainder when f(-5) is divided by 4.
2
What is the remainder when 56 is divided by (114/(-9))/(2/(-3))?
18
Suppose -t + 11 = x, -x = 2*t - 5*t + 9. Calculate the remainder when x is divided by 4.
2
Calculate the remainder when (-232)/(-6) + 7/21 is divided by 10.
9
Suppose 29*z - 32*z = -141. What is the remainder when z is divided by 13?
8
Suppose -d + 52 = -2*j, 3*d + d + 3*j = 186. Suppose -5*c + 58 = 3*y + y, 3*c - 2*y = d. Calculate the remainder when 26 is divided by c.
12
Let m(l) = l**2 - 5*l + 4. Let c be m(3). Let s(t) = -33*t + 1. Calculate the remainder when s(c) is divided by 17.
16
Let b(d) be the third derivative of d**5/60 + 5*d**4/12 + 8*d**3/3 + 2*d**2. Calculate the remainder when b(-11) is divided by 10.
7
Let h be 92/2*(0 - 1). Suppose -3*t = -5*s + 384, -s = -0*s + t - 80. Let n = h + s. Calculate the remainder when n is divided by 11.
10
Suppose 33 = 9*f - 66. Let g be (2/(-6))/(1/(-15)). Suppose j + 2*y - 82 = -3*j, 2*j - g*y - 35 = 0. What is the remainder when j is divided by f?
9
Let h(f) = -f**3 - 17*f**2 - 3*f + 40. What is the remainder when h(-17) is divided by 25?
16
Suppose -3*y + 25 + 59 = 0. Calculate the remainder when 83 is divided by y.
27
Suppose 4*a + 5*d = a + 65, 5*a = -4*d + 104. Suppose -2*b - 20 = 6. Let k = a - b. What is the remainder when k is divided by 17?
16
Let u be -1 + -2 + 0 - -2. Let p = u + 8. What is the remainder when 19 is divided by p?
5
Let m be 29 - -1 - 6/3. Suppose m = 5*o - 2. Calculate the remainder when 9 is divided by o.
3
Let f(d) = -d**2 + 47. Let u(k) = 4*k**2 - 3*k - 2. Calculate the remainder when f(0) is divided by u(3).
22
Calculate the remainder when 21 - ((-3)/3)/(-1) is divided by (1/(-3))/((-2)/42).
6
Let q(i) = -i**3 + 9*i**2 - 5*i + 5. Let r be q(7). Calculate the remainder when 20 is divided by (-8)/(-40) + r/10.
6
Let z(q) = q**2 - 7*q + 9. Let j be z(6). Let y(d) = d**3 + d + 9*d**2 - 12*d**2 + 1 + 3. What is the remainder when y(j) is divided by 3?
1
Calculate the remainder when 25 is divided by 183/27 + 2/9.
4
Suppose -4*o + 5*i + 40 = 0, 5*o - 2*i - 3*i - 55 = 0. Let q = 68 - 24. Calculate the remainder when q is divided by o.
14
Let k be (3 + -2)*(6 - 1). Suppose -4*j - k*x = -2*j - 25, -2*x + 6 = 0. What is the remainder when j is divided by 3?
2
Suppose -4*i = -3 - 5. What is the remainder when 71 is divided by (-27)/(0 + -3)*i?
17
Suppose -42 = -3*s - 0*s. Calculate the remainder when 4/14 + (-1915)/(-35) is divided by s.
13
Suppose -11*f + 17*f = 60. Let m(y) be the third derivative of 9*y**6/40 + y**4/12 - y**3/6 + y**2. Calculate the remainder when m(1) is divided by f.
8
Let b = -5 - -13. Let v = b - 5. Suppose -5*k = 2*f - v*f + 34, 2*k - 4 = 0. Calculate the remainder when f is divided by 23.
21
Suppose -5*a + 19 = -a - 3*n, -5*a - 2*n + 18 = 0. Let g(w) = 2*w**2 - 3*w - 1. Calculate the remainder when 37 is divided by g(a).
18
Let o(j) = j**3 - 6*j**2 + 4*j - 2. Calculate the remainder when 62 is divided by o(6).
18
Suppose 0 = -v + 13 + 28. Calculate the remainder when v is divided by 21.
20
Let c(o) = -o**2 + 7*o - 6. Let x be c(6). Suppose x*l - 2*l - 5*b + 49 = 0, 3*l - 96 = -3*b. What is the remainder when l is divided by -3*(30/(-9) + -1)?
11
Let m(x) = x**2 - 8*x. Let i be m(8). Suppose 0 = -3*n - 2*n - 2*h + 18, 3*n - 2*h + 2 = i. What is the remainder when (350/21)/(n/6) is divided by 17?
16
Let m = -32 + 2. Let q = -19 - m. Calculate the remainder when q is divided by 4.
3
Let p(k) = 2*k + 2. Let o be (-1)/((15/(-78))/5). Suppose -3*g - 8 = -o. What is the remainder when 41 is divided by p(g)?
13
Suppose -d - 4*d = -30. Let t(s) = 2*s**2 - s - 4. Calculate the remainder when t(d) is divided by 16.
14
Let m(y) = 11*y + 1 - 10*y + 22*y. Calculate the remainder when 3 + (39 - (-28)/7) is divided by m(1).
22
Suppose 2*o = 5*l + 90 - 231, 5*l - 3*o - 139 = 0. Suppose 0 = 5*c + 49 + 11. Let d = c + l. Calculate the remainder when d is divided by 9.
8
Suppose k - 6 = -1. Suppose -3*n + 17 = o - 0*n, 4*o - 40 = -5*n. Suppose k + 0 = o*p. What is the remainder when 1 is divided by p?
0
Suppose -2*g - 2*g = 4*b - 36, -4*g = -16. Suppose -78 - 42 = -b*p. Let m = 35 - p. What is the remainder when 31 is divided by m?
9
Suppose 6*r - 124 + 28 = 0. Suppose -5*f + 0*f - 3*y + 41 = 0, y - 37 = -4*f. What is the remainder when r is divided by -4*(f/(-4) + 1)?
4
Suppose -290 = -18*k + 8*k. Calculate the remainder when k is divided by 8.
5
Suppose -384 = -12*s + 6*s. What is the remainder when s is divided by 17?
13
Let g be 0/2*5/(-10). Let r(u) = u**2 + 11. What is the remainder when 21 is divided by r(g)?
10
Suppose -5*q - 20 = 0, 0*j - j - q + 3 = 0. Calculate the remainder when 40 is divided by j.
5
Let b = 36 - 24. Let f = b - 2. Suppose -2*o + 4*a + 54 = 0, -3*o + 2*a + 77 = -3*a. What is the remainder when o is divided by f?
9
Calculate the remainder when 7 is divided by 1 + (9 - 1) + -4.
2
Let x be ((-8)/10)/((-2)/5). Suppose x*c - 6*c + 32 = 0. Calculate the remainder when 14 is divided by c.
6
Suppose 160 = 11*y - 10*y. What is the remainder when y is divided by 41?
37
Let c(r) = 3*r + 6. Let p(s) = 